of 17?
True
Does 72 divide 2592?
True
Is 18 a factor of 7848?
True
Is 3689 a multiple of 34?
False
Does 16 divide 800?
True
Is 793 a multiple of 10?
False
Is 2 a factor of 2345?
False
Is 57 a factor of 21221?
False
Is 30 a factor of 2310?
True
Does 14 divide 18225?
False
Is 924 a multiple of 6?
True
Is 1242 a multiple of 27?
True
Is 33 a factor of 43923?
True
Is 129 a factor of 16641?
True
Is 5325 a multiple of 59?
False
Is 1103 a multiple of 4?
False
Does 11 divide 143?
True
Is 11543 a multiple of 4?
False
Is 2484 a multiple of 27?
True
Does 169 divide 26364?
True
Is 222 a factor of 29102?
False
Does 21 divide 21777?
True
Does 108 divide 5292?
True
Is 959 a multiple of 30?
False
Is 5 a factor of 279?
False
Is 589 a multiple of 19?
True
Is 36 a multiple of 12?
True
Is 220 a factor of 55135?
False
Is 10 a factor of 19881?
False
Does 11 divide 2668?
False
Is 831 a multiple of 13?
False
Is 55 a factor of 5555?
True
Is 20 even?
True
Is 5738 a multiple of 19?
True
Does 9 divide 630?
True
Does 60 divide 13283?
False
Is 1275 a multiple of 17?
True
Is 35 a factor of 24710?
True
Is 4 a factor of 792?
True
Does 12 divide 5637?
False
Is 11 a factor of 662?
False
Does 2 divide 974?
True
Does 18 divide 22693?
False
Does 5 divide 570?
True
Does 62 divide 1178?
True
Is 123 a factor of 9963?
True
Is 25967 a multiple of 16?
False
Is 10 a factor of 714?
False
Is 46 a factor of 52716?
True
Does 157 divide 22668?
False
Is 1960 a multiple of 35?
True
Does 194 divide 29632?
False
Is 30 a factor of 1110?
True
Does 36 divide 108?
True
Is 7 a factor of 380?
False
Is 9 a factor of 288?
True
Is 137 a multiple of 4?
False
Is 5819 a multiple of 23?
True
Is 18 a factor of 216?
True
Is 1633 a multiple of 23?
True
Is 1344 a multiple of 4?
True
Is 843 even?
False
Is 2 a factor of 11929?
False
Is 58500 a multiple of 195?
True
Does 4 divide 8072?
True
Does 20 divide 143?
False
Does 8 divide 116?
False
Is 1530 a multiple of 7?
False
Does 32 divide 30920?
False
Is 3883 a multiple of 97?
False
Is 1116 a multiple of 4?
True
Is 687 a multiple of 14?
False
Is 44 a factor of 33313?
False
Does 147 divide 77801?
False
Is 8 a factor of 1175?
False
Is 26 a factor of 6948?
False
Is 10 a factor of 23116?
False
Is 6512 a multiple of 6?
False
Does 16 divide 4302?
False
Is 283 a factor of 6226?
True
Is 507 a multiple of 24?
False
Does 45 divide 1215?
True
Is 10 a factor of 1381?
False
Is 113994 a multiple of 138?
False
Does 114 divide 2806?
False
Does 2 divide 6641?
False
Is 1591 a multiple of 37?
True
Is 645 a multiple of 15?
True
Is 23 a factor of 5613?
False
Is 3078 a multiple of 54?
True
Does 54 divide 86184?
True
Is 17 a factor of 4216?
True
Does 166 divide 20086?
True
Is 216 a factor of 7798?
False
Is 67220 a multiple of 10?
True
Is 19 a factor of 16625?
True
Is 20 a factor of 1862?
False
Does 85 divide 17055?
False
Is 917 a multiple of 17?
False
Does 16 divide 1520?
True
Does 67 divide 2077?
True
Is 2510 a multiple of 10?
True
Is 58 a factor of 174?
True
Is 18504 a multiple of 28?
False
Does 37 divide 161?
False
Does 52 divide 334?
False
Is 64 a factor of 10640?
False
Is 732 a multiple of 28?
False
Is 1600 a multiple of 64?
True
Is 57680 a multiple of 14?
True
Is 4131 a multiple of 9?
True
Is 70074 a multiple of 17?
True
Does 4 divide 58?
False
Is 439 a multiple of 8?
False
Does 34 divide 6424?
False
Is 1450 a multiple of 12?
False
Is 12 a factor of 228?
True
Is 3 a factor of 6762?
True
Is 120 a multiple of 40?
True
Is 14 a factor of 1438?
False
Does 13 divide 598?
True
Does 118 divide 73042?
True
Does 39 divide 2068?
False
Does 31 divide 4774?
True
Is 40 a factor of 1160?
True
Does 11 divide 429?
True
Is 55339 a multiple of 13?
False
Is 31 even?
False
Is 41396 a multiple of 79?
True
Is 520 a multiple of 8?
True
Does 9 divide 6741?
True
Is 3 a factor of 143?
False
Does 16 divide 3328?
True
Is 222 a multiple of 8?
False
Is 131 a factor of 2358?
True
Does 86 divide 5272?
False
Is 800 a multiple of 37?
False
Is 77373 a multiple of 9?
True
Is 14 a factor of 4718?
True
Is 14076 a multiple of 4?
True
Is 79 a factor of 2973?
False
Is 22 a factor of 1479?
False
Does 11 divide 8459?
True
Does 4 divide 440?
True
Is 6 a factor of 108?
True
Is 37 a factor of 6808?
True
Is 17 a factor of 238?
True
Is 1482 a multiple of 26?
True
Does 14 divide 1593?
False
Does 16 divide 1438?
False
Does 29 divide 1421?
True
Is 2500 a multiple of 4?
True
Is 15 a factor of 158430?
True
Does 7 divide 17502?
False
Does 36 divide 803?
False
Is 4 a factor of 24?
True
Is 1992 a multiple of 83?
True
Is 15 a factor of 20280?
True
Does 128 divide 38808?
False
Does 40 divide 846?
False
Does 86 divide 18585?
False
Does 121 divide 2420?
True
Does 114 divide 4517?
False
Is 2356 a multiple of 38?
True
Is 8946 a multiple of 42?
True
Does 30 divide 16881?
False
Does 16 divide 416?
True
Is 31 a factor of 82832?
True
Is 8 a factor of 1488?
True
Is 7 a factor of 5012?
True
Is 528 a multiple of 11?
True
Is 4886 a multiple of 7?
True
Does 10 divide 2370?
True
Does 8 divide 950?
False
Is 780 a multiple of 11?
False
Does 11 divide 25899?
False
Is 2996 even?
True
Does 18 divide 4652?
False
Is 17 a factor of 85?
True
Is 6 a factor of 4030?
False
Does 24 divide 2860?
False
Does 33 divide 31416?
True
Does 44 divide 7624?
False
Is 24 a multiple of 4?
True
Does 52 divide 1130?
False
Is 2535 a multiple of 15?
True
Is 7 a factor of 25?
False
Does 11 divide 3993?
True
Does 8 divide 3966?
False
Is 86463 a multiple of 14?
False
Is 60 a factor of 2400?
True
Is 29 a factor of 147?
False
Is 3429 a multiple of 127?
True
Does 70 divide 2263?
False
Does 84 divide 453?
False
Does 5 divide 3793?
False
Is 190 a multiple of 10?
True
Is 1890 a multiple of 21?
True
Is 340 a multiple of 17?
True
Does 29 divide 6583?
True
Is 196 a multiple of 7?
True
Does 105 divide 4200?
True
Does 43 divide 54352?
True
Does 8 divide 4752?
True
Is 13 a factor of 104?
True
Does 102 divide 40494?
True
Is 20 a factor of 17857?
False
Does 14 divide 12539?
False
Does 148 divide 116032?
True
Is 7472 a multiple of 9?
False
Does 6 divide 4851?
False
Is 8 a factor of 8260?
False
Is 7 a factor of 715?
False
Is 355 a multiple of 3?
False
Is 11 a factor of 1210?
True
Is 28 a multiple of 11?
False
Does 209 divide 25707?
True
Is 26832 a multiple of 52?
True
Is 5080 a multiple of 10?
True
Does 11 divide 43087?
True
Is 1062 a multiple of 18?
True
Is 518 a multiple of 7?
True
Is 12578 a multiple of 19?
True
Is 1617 a multiple of 33?
True
Is 909 a multiple of 13?
False
Is 2555 a multiple of 35?
True
Does 6 divide 4182?
True
Does 70 divide 889?
False
Is 77 a factor of 10412?
False
Is 25 a factor of 230?
False
Is 41531 a multiple of 10?
False
Does 3 divide 412?
False
Does 212 divide 19080?
True
Does 70 divide 12290?
False
Does 12 divide 30678?
False
Does 4 divide 396?
True
Does 6 divide 204?
True
Is 6 a factor of 611?
False
Is 11 a factor of 210?
False
Does 13 divide 751?
False
Is 93 a factor of 1302?
True
Is 36 a multiple of 4?
True
Is 4 a factor of 19043?
False
Is 14662 a multiple of 7?
False
Is 53 a factor of 2110?
False
Is 792 a multiple of 36?
True
Does 31 divide 804?
False
Is 82 a multiple of 34?
False
Is 5 a factor of 14746?
False
Does 35 divide 299?
False
Is 211 a multiple of 8?
False
Does 7 divide 3424?
False
Is 129 a factor of 645?
True
Is 51 a factor of 1581?
True
Is 14 a factor of 23800?
True
Does 5 divide 425?
True
Is 18794 a multiple of 11?
False
Does 33 divide 13431?
True
Is 26273 a multiple of 284?
False
Is 75 a factor of 40841?
False
Is 11 a factor of 51326?
True
Is 3107 a multiple of 13?
True
Is 2199 a multiple of 23?
False
Does 82 divide 1553?
False
Does 9 divide 3303?
True
Is 48 a factor of 4032?
True
Is 117 a multiple of 2?
False
Is 17 a factor of 2892?
False
Is 8 a factor of 760?
True
Is 117 a multiple of 39?
True
Is 62 a factor of 1860?
True
Is 2 a factor of 14944?
True
Is 924 a multiple of 12?
True
Is 20 a factor of 80?
True
Is 2060 a multiple of 10?
True
Does 373 divide 93804?
False
Does 8 divide 29802?
False
Does 70 divide 2083?
False
Is 44 a factor of 1263?
False
Does 26 divide 936?
True
Is 15 a factor of 366?
False
Is 44 a factor of 9558?
False
Is 2810 a multiple of 5?
True
Is 17 a factor of 32134?
False
Does 136 divide 60557?
False
Is 65 a factor of 3770?
True
Does 3 